 - 126. Suppose -6770 - 1533 = 96*k - 143. Let p = c + k. What is the units digit of p?
4
Let w(c) = -5*c - 10*c + c + 22 - 9*c - 3. What is the hundreds digit of w(-6)?
1
Let n = -4662 - -8728. What is the thousands digit of n?
4
Let y(j) = j**2 + 6*j - 6. Let b(c) = 2*c**2 - 12*c - 7. Let s be 3/(-3)*4/2*-3. Let n be b(s). What is the units digit of y(n)?
1
Let p be 18/8 + 0 + (-1)/4. Suppose -p*v - q + 169 = 0, v + q + 266 = 4*v. Suppose 4*y = 263 - v. What is the tens digit of y?
4
Let q(w) = -80 - 3 - 26 + 16*w. What is the tens digit of q(10)?
5
Let n = -723 - -7737. What is the tens digit of n?
1
Suppose -2*n - 8 + 26 = 0. Let h(b) = -b**3 + 33*b**2 + 42*b - 256. Let g be h(34). Suppose -q = -n - g. What is the units digit of q?
5
Let i be 1380/135 + 2/(-9). Suppose -i = -5*x + 4*l, -6 = 3*x + 2*l - 12. Suppose t - 79 = x*m, -4*t - 3*m = -326 - 12. What is the units digit of t?
3
Let g be 1839 + -3 + 4 + 7. Suppose 0*a + 4*n = 3*a - g, n - 2450 = -4*a. What is the units digit of a?
3
Let a(k) = -2*k - 14. Let t be a(-8). Let s be (-54670)/(-22) - 1*t. What is the tens digit of s/39 + (-1)/(-3)?
6
What is the tens digit of 4*1/(-1) - (-1815 + 39)?
7
Let y = -86 + 89. Let b(n) = -46*n - 2. Let z be b(y). Let r = 199 + z. What is the tens digit of r?
5
Let d(z) = z**3 - 5*z - 7*z + 17*z**2 + 3 + 7*z + 3 - 5*z. What is the hundreds digit of d(-9)?
7
Let f be 79/11 + (-5)/110*4. Let o = f - 5. What is the hundreds digit of 3/((o + -3)/(-37))?
1
Let y(z) = 2*z**3 - 12*z**2 - z + 3. Let x be y(6). What is the units digit of (3 + (-715)/x)*15/10?
2
Let z(l) = -346*l - 2. Let y be z(1). Let p be (-1)/2*y/3. Suppose -256 + p = -2*k. What is the units digit of k?
9
Let d = 168 - 162. Let c(r) = 5*r**2 + 13*r - 70. What is the tens digit of c(d)?
8
Let t be (-576)/(-40) + -1*4/10. What is the units digit of (-12)/t*-1*(35 + -14)?
8
Let h(q) = -2*q**3 - 2*q**2 + 9*q - 31. Let t(d) = -2*d**3 - 2*d**2 + 10*d - 33. Let i(k) = 3*h(k) - 4*t(k). What is the hundreds digit of i(8)?
0
Let j(q) = -3*q**2 + 26*q + 62. Let o(b) = -b**2 - b - 2. Let w(u) = j(u) - 2*o(u). What is the units digit of w(18)?
6
Suppose -10 = -2*y, -5*f + 3*f + 518 = -2*y. Let i = 235 + f. What is the hundreds digit of i?
4
Let i(n) = n**3 + 14*n**2 - 14*n + 20. Let v be i(-15). Suppose -v*k + 0*j = 4*j - 1258, 4*k - 5*j - 990 = 0. Let d = k + -98. What is the units digit of d?
2
Suppose 0 = 11*u - 10*u - 2. Suppose -u*z = -864 - 18. What is the tens digit of z?
4
Let o(x) = x**2 - 31*x - 4. Let t be o(31). What is the tens digit of -1*((-253)/4)/(t/(-16))?
5
Suppose -14*t + 6*t + 55361 = 15281. What is the thousands digit of t?
5
Let k be ((-30)/(-8))/(196/48 - 4). What is the units digit of -1 - -420 - (k - 44)?
8
What is the hundreds digit of 1617397/187 + (72/66)/(-6)?
6
Suppose -636 = 4*n - 5068. Suppose 0 = -5*y - 3*h + 1832, -10*h + 6*h + n = 3*y. What is the hundreds digit of y?
3
Let p(v) = 15*v**3 - 4*v**2 + 4*v - 34. What is the hundreds digit of p(4)?
8
Suppose -3*j + 1 + 182 = 0. Let i = j - 56. Suppose -104 = -5*a - x, 0 = -i*a - 7*x + 4*x + 102. What is the tens digit of a?
2
Let z = -215 - -291. Suppose 3*t - 4*g - z = -6*g, 0 = -2*t + 5*g + 19. What is the tens digit of t?
2
Suppose -w - 3*w + 28 = 0. Suppose 8 = -w*y + 1. What is the hundreds digit of (255/(-25))/(y - 27/(-30))?
1
Suppose 6*u - 2*u - 560 = 0. Let z = -74 + u. What is the units digit of z?
6
What is the tens digit of 27746/30 - (45/270 + 3/(-10))?
2
Suppose 240*m = 230*m + 64940. What is the units digit of m?
4
Suppose 30*v = 67*v + 85*v - 248392. What is the hundreds digit of v?
0
Suppose 93722 + 76621 + 101089 = 14*u. What is the units digit of u?
8
Suppose 5*t - 2*j = 84114 + 7358, 54887 = 3*t - 5*j. What is the units digit of t?
4
Let i(u) = -7*u - 27. Suppose -17*f = -3*f + 112. What is the tens digit of i(f)?
2
Let j be 5118395/74*(-4)/(-5). Suppose 59*u = 43550 + j. What is the thousands digit of u?
1
Suppose 3*y = 2*b - 52183 + 7901, b + 2*y = 22134. What is the ten thousands digit of b?
2
Let f(c) = -5*c**3 + 16*c**2 - 14*c - 4. Let z be f(14). What is the tens digit of (z/(-48))/(21/9 - 2)?
7
Let t = 41915 - 25892. What is the ten thousands digit of t?
1
Let k(q) = -q**3 - 9*q**2 - 17*q - 76. Let a be k(-8). What is the tens digit of 1899/3 + 2/a*10?
2
Let g(j) be the first derivative of -7*j**2 - 84*j - 8. What is the units digit of g(-11)?
0
Let r = 9353 - 4108. What is the tens digit of r?
4
Let d(h) = h**3 - 5*h**2 - 2*h - 11. Let q be d(8). Let y = 932 + -900. Suppose 0 = 29*c - y*c + q. What is the units digit of c?
5
Let d be (3/2)/(11/2926). Let n = -265 + d. What is the units digit of n?
4
Let l = -41 + 51. Suppose 4*s - l*s = 0. Suppose s = 3*h - 2*r - 2*r - 757, -2*h + 3*r + 506 = 0. What is the hundreds digit of h?
2
Let m(d) = -10*d - 143. Let y be m(-16). Suppose 0 = 3*l - r - 659, y*r - 18*r = l - 225. What is the units digit of l?
1
Suppose 1901414 = -223*t + 5906494. What is the ten thousands digit of t?
1
Let r = -126 + 133. Let h(w) = 187*w + 140. What is the thousands digit of h(r)?
1
Suppose -327620 - 355156 = -72*k. What is the hundreds digit of k?
4
Let t(p) be the second derivative of -21*p**5/10 + p**4/2 + p**3 + 2*p**2 + 282*p. What is the hundreds digit of t(-3)?
1
Let y be ((51 - -2) + -1)*817/19. Suppose 0 = -q - 4*v + 451, -5*q - 3*v + y = -2*v. What is the units digit of q?
7
Let o(d) = -4*d**2 + 285*d - 32. What is the hundreds digit of o(69)?
5
Suppose 5*n + 860*m = 856*m + 389517, -n - 2*m = -77895. What is the units digit of n?
9
Suppose 5*w + 55 = -3*i + 523, 3*i - 489 = 2*w. What is the tens digit of i?
6
Suppose -52 = -z - 50. Suppose 3*r - 40 = b - 14, 3*b = z*r - 8. Suppose 2*m - 2*d - r = 66, m - 47 = 4*d. What is the tens digit of m?
3
Let z(n) = n. Let g(a) = -8*a + 2. Let r(j) = -g(j) - 2*z(j). Let m be (2 - (2 + 2))/(36/(-270)). What is the units digit of r(m)?
8
Suppose -7522*x = -7516*x - 8526. What is the tens digit of x?
2
Let l(x) = 124*x + 11340. What is the hundreds digit of l(-41)?
2
Let y(h) = 2*h**3 + h**2 + 5. Let l be y(0). Suppose -4*i = -5*x - 2*i + 2035, 4*x - l*i - 1628 = 0. What is the tens digit of x?
0
Suppose 2*l - 72 = -5*f, 2*l = 5*l + 12. Suppose 3*p = 2 + f. Suppose -p*t - 63 = -13*t. What is the units digit of t?
9
Let c(b) = -107*b - 168. Let d be c(-12). Suppose -3*u - 3*i - d = -6*u, -2 = 2*i. What is the hundreds digit of u?
3
Suppose -24341 = -y + 14803. Suppose -y - 8771 = -35*v. What is the tens digit of v?
6
Let t(p) be the third derivative of -7/3*p**4 + 0 - 17/6*p**3 + 0*p + 44*p**2. What is the hundreds digit of t(-3)?
1
Suppose -3*h = 5*i - 56 - 10, -5*h - 15 = 0. Suppose -25*k + i*k = -6980. What is the hundreds digit of k?
6
Let l = 251 - 240. What is the units digit of (-168)/(-2) - (5 - l)?
0
Let v = -261 + 368. Suppose v + 545 = 4*u. What is the hundreds digit of u?
1
Let p be ((-4178)/16 - 0) + (-12)/(-96). Let b = p + 554. Let g = -171 + b. What is the tens digit of g?
2
Let s(u) be the first derivative of 103*u**4 + 64. What is the hundreds digit of s(1)?
4
Let u(k) = k**3 + 2*k**2 - k + 954. Suppose 0 = 2*l + d - 3, -2*l + d - 2 = 1. What is the units digit of u(l)?
4
Let u(c) = c**3 + 18*c**2 + 19*c - 20. Let m be u(-17). What is the tens digit of m*4/((-24)/153)?
7
Let w(k) = -29 + 2*k - 41 + 111 + 120. What is the hundreds digit of w(0)?
1
Suppose -9*d + 14*d + 7430 = 5*u, 5*d - 4450 = -3*u. Suppose -8*q + u = -827. What is the tens digit of q?
8
Let h = 3550 + 15533. What is the tens digit of h?
8
Let t(m) = m**2 - 5*m - 1. Let y be t(5). What is the hundreds digit of (228/3)/(y/(-2))?
1
Let m be (-16)/(-6)*42/(-2). What is the units digit of 2/7 - 16616/m?
7
Suppose 2*a = -5*u + 4046, 4055 = 5*u - 10*a + 15*a. Suppose 0*p - 5*p - 3*k + u = 0, -649 = -4*p - 5*k. What is the tens digit of p?
6
Suppose 1646465 - 9411986 = -210*w - 9*w. What is the tens digit of w?
5
Suppose 3*x - 4*q = 81170, -27*q - 108220 = -4*x - 25*q. What is the thousands digit of x?
7
Let j(s) be the second derivative of s**5/20 - 2*s**4/3 + s**3/3 + 9*s**2/2 - 112*s. Suppose 2*x - 9 - 7 = 0. What is the tens digit of j(x)?
2
Let u = -1219 + 2392. Let w = u + -537. What is the units digit of w?
6
Let z = -204 - -224. Supp